e
Is 27955 a prime number?
False
Is 56519 composite?
False
Is 77141 a composite number?
False
Is 2362 a composite number?
True
Is 8501 a prime number?
True
Is 8699 prime?
True
Is 104119 composite?
False
Is 1693 composite?
False
Is 89699 a prime number?
False
Is 6247 a prime number?
True
Is 42863 prime?
True
Is 188905 a prime number?
False
Is 145063 composite?
False
Is 1014983 composite?
True
Is 25409 composite?
False
Is 29461 a composite number?
True
Is 1907 a prime number?
True
Is 337 a composite number?
False
Is 7829 a composite number?
False
Is 371 prime?
False
Is 4751 a composite number?
False
Is 634327 a prime number?
True
Is 56213 a prime number?
False
Is 583 prime?
False
Is 41723 a composite number?
True
Is 23263 composite?
True
Is 395861 composite?
True
Is 27149 composite?
True
Is 144031 a composite number?
False
Is 14813 composite?
False
Is 12889 prime?
True
Is 13633 a composite number?
False
Is 16409 a composite number?
True
Is 51143 prime?
False
Is 907 a composite number?
False
Is 16319 prime?
True
Is 279821 prime?
False
Is 62367 prime?
False
Is 4049 a prime number?
True
Is 54301 prime?
False
Is 13963 a prime number?
True
Is 23105 prime?
False
Is 6814 a prime number?
False
Is 9587 composite?
False
Is 1651 prime?
False
Is 178117 composite?
False
Is 180013 a prime number?
False
Is 65371 prime?
True
Is 127399 a prime number?
True
Is 758617 a prime number?
True
Is 177127 composite?
False
Is 173251 composite?
True
Is 5917 prime?
False
Is 92965 prime?
False
Is 4267 composite?
True
Is 10687 a composite number?
False
Is 54941 a composite number?
False
Is 11989 prime?
False
Is 294427 a composite number?
True
Is 512789 prime?
False
Is 41045 composite?
True
Is 419861 prime?
False
Is 465523 a prime number?
True
Is 12981 a composite number?
True
Is 147814 composite?
True
Is 1414489 prime?
False
Is 479 a composite number?
False
Is 3251 a prime number?
True
Is 5297 composite?
False
Is 2651 a prime number?
False
Is 93085 composite?
True
Is 18373 a prime number?
False
Is 102359 a prime number?
True
Is 4141 a prime number?
False
Is 101419 composite?
False
Is 40009 prime?
True
Is 7477 composite?
False
Is 11177 prime?
True
Is 17539 a prime number?
True
Is 43853 composite?
False
Is 2443 a prime number?
False
Is 11887 a composite number?
False
Is 1399 prime?
True
Is 108343 a composite number?
False
Is 31159 composite?
False
Is 3442 a prime number?
False
Is 11641 a prime number?
False
Is 754421 prime?
True
Is 10816183 composite?
True
Is 235819 a composite number?
True
Is 75093 prime?
False
Is 12653 a prime number?
True
Is 1931 a composite number?
False
Is 41443 a prime number?
True
Is 3641 a prime number?
False
Is 132213 prime?
False
Is 180847 composite?
False
Is 125497 composite?
False
Is 39971 a composite number?
False
Is 278 a prime number?
False
Is 371719 a prime number?
True
Is 3137 composite?
False
Is 45397 a composite number?
True
Is 629 a composite number?
True
Is 2485313 prime?
False
Is 320603 prime?
False
Is 5273 prime?
True
Is 667 composite?
True
Is 212203 a prime number?
True
Is 136167 a composite number?
True
Is 1739 a prime number?
False
Is 18217 a composite number?
False
Is 353279 a prime number?
False
Is 50959 a prime number?
False
Is 213 prime?
False
Is 97213 prime?
True
Is 25457 a composite number?
False
Is 4747 a composite number?
True
Is 34231 prime?
True
Is 176357 a composite number?
False
Is 31541 composite?
False
Is 59051 a prime number?
True
Is 72071 a prime number?
False
Is 668365 composite?
True
Is 50839 a composite number?
False
Is 60509 composite?
False
Is 123677 a composite number?
False
Is 3623 a prime number?
True
Is 1340513 a composite number?
True
Is 7379 a composite number?
True
Is 235453 prime?
False
Is 69539 a composite number?
False
Is 42737 a composite number?
False
Is 146581 a prime number?
True
Is 104171 a composite number?
True
Is 285659 composite?
True
Is 621901 prime?
False
Is 180847 prime?
True
Is 4621 a prime number?
True
Is 93715 a prime number?
False
Is 38017 a composite number?
True
Is 1726019 prime?
False
Is 205817 a composite number?
False
Is 205253 a composite number?
False
Is 2863 composite?
True
Is 80043 composite?
True
Is 346699 prime?
True
Is 4083 a prime number?
False
Is 689 prime?
False
Is 294629 composite?
False
Is 4647 prime?
False
Is 2047 a prime number?
False
Is 50489 a composite number?
True
Is 67 composite?
False
Is 20573 composite?
True
Is 8257 prime?
False
Is 12353 prime?
False
Is 4262 composite?
True
Is 33049 a composite number?
False
Is 17903 prime?
True
Is 101833 composite?
False
Is 105109 composite?
True
Is 43517 a prime number?
True
Is 5292929 prime?
False
Is 63887 composite?
True
Is 80463 a composite number?
True
Is 23137 composite?
True
Is 3491 prime?
True
Is 508558 a composite number?
True
Is 2573617 composite?
False
Is 5981 prime?
True
Is 1380149 a prime number?
True
Is 48595 a prime number?
False
Is 1207 prime?
False
Is 5209 a composite number?
False
Is 4327 a composite number?
False
Is 1080491 composite?
False
Is 413717 composite?
True
Is 765707 composite?
False
Is 681971 a prime number?
True
Is 188011 a composite number?
False
Is 134 a composite number?
True
Is 1732243 a prime number?
False
Is 24303 prime?
False
Is 1083073 composite?
False
Is 253691 prime?
False
Is 16123 prime?
False
Is 8081 prime?
True
Is 1267447 a composite number?
False
Is 192289 composite?
True
Is 215893 a composite number?
False
Is 10799 composite?
False
Is 15479 a composite number?
True
Is 1637122 a prime number?
False
Is 324839 a prime number?
True
Is 2521 prime?
True
Is 7123 prime?
False
Is 15299 composite?
False
Is 749 composite?
True
Is 12619 a composite number?
False
Is 21929 prime?
True
Is 28697 prime?
True
Is 356457 prime?
False
Is 130769 composite?
False
Is 920921 a prime number?
True
Is 7571 a composite number?
True
Is 12071 a prime number?
True
Is 269489 a prime number?
False
Is 2394961 a composite number?
False
Is 30143 a composite number?
True
Is 99455 prime?
False
Is 452423 a composite number?
True
Is 1220299 prime?
False
Is 3079 a prime number?
True
Is 16183 composite?
False
Is 61373 prime?
False
Is 7291 a prime number?
False
Is 158729 prime?
False
Is 1353131 a prime number?
False
Is 31469 prime?
True
Is 36847 a composite number?
False
Is 72299 composite?
True
Is 2129 composite?
False
Is 53171 a prime number?
True
Is 8779 prime?
True
Is 991402 a prime number?
False
Is 402847 a prime number?
True
Is 6029 composite?
False
Is 17153 a prime number?
False
Is 435751 a prime number?
True
Is 137909 a composite number?
False
Is 4037 a prime number?
False
Is 5006 prime?
False
Is 85889 a prime number?
True
Is 14699 a composite number?
False
Is 10723 a prime number?
True
Is 10169 a composite number?
False
Is 289955 composite?
True
Is 409141 a composite number?
True
Is 145391 a prime number?
True
Is 107441 a prime number?
True
Is 448233 a prime number?
False
Is 46195 composite?
True
Is 9719 a prime number?
True
Is 5773 composite?
True
Is 6521 a composite number?
False
Is 32957 a composite number?
False
Is 100069 a prime number?
True
Is 28909 a prime number?
True
Is 5435 composite?
True
Is 65713 a composite number?
False
Is 111263 prime?
True
Is 46211 prime?
False
Is 286489 prime?
False
Is 261889 prime?
False
Is 181081 a prime number?
True
Is 646363 a composite number?
True
Is 163109 a prime number?
True
Is 9829 a composite number?
False
Is 97741 a prime number?
False
Is 404597 a composite number?
False
Is 63959 prime?
False
Is 103511 prime?
True
Is 193663 composite?
False
Is 2705 prime?
False
Is 64019 a prime number?
True
Is 9091 composite?
False
Is 3149 prime?
False
Is 98867 prime?
True
Is 559231 prime?
True
Is 18839 a prime number?
True
Is 233711 prime?
False
Is 593521 prime?
False
Is 120437 composite?
True
Is 1138535 a composite number?
True
Is 16573 a prime number?
True
Is 139801 a composite number?
False
Is 2777 composite?
False
Is 12439 a prime number?
False
Is 5567 a composite number?
True
Is 817 composite?
True
Is 57647 prime?
False
Is 160059 a composite number?
True
Is 485 a composite number?
True
Is 37322 prime?
False
Is 19517 composite?
True
Is 176489 prime?
True
Is 135511 composite?
False
Is 6341 a composite number?
True
Is 50741 composite?
False
Is 3251 prime?
True
Is 4049 composite?
Fals